{"id":76,"date":"2022-04-02T06:23:12","date_gmt":"2022-04-02T06:23:12","guid":{"rendered":"https:\/\/senorsoat.com\/index.php\/contact\/"},"modified":"2024-07-04T18:17:55","modified_gmt":"2024-07-04T18:17:55","slug":"contacto","status":"publish","type":"page","link":"https:\/\/senorsoat.com\/index.php\/contacto\/","title":{"rendered":"Contacto"},"content":{"rendered":"\n<div class=\"wp-block-uagb-container uagb-block-976bd93a alignfull uagb-is-root-container\"><div class=\"uagb-container-inner-blocks-wrap\">\n<div class=\"wp-block-uagb-advanced-heading uagb-block-4e3f7a72\"><h1 class=\"uagb-heading-text\">Contactanos\u200b<\/h1><p class=\"uagb-desc-text\">Desde 2010 brind\u00e1ndote la mejor asesor\u00eda en gesti\u00f3n de riesgos y administraci\u00f3n de seguros SOAT. Estamos regulados y registrados por la SBS. <\/p><\/div>\n<\/div><\/div>\n\n\n\n<div class=\"wp-block-uagb-container uagb-block-bd5720f8 alignfull uagb-is-root-container\"><div class=\"uagb-container-inner-blocks-wrap\">\n<div class=\"wp-block-uagb-container uagb-block-15e28d07\">\n<p><\/p>\n\n\n\n<div class=\"wp-block-uagb-advanced-heading uagb-block-0ae4cf96\"><h2 class=\"uagb-heading-text\">Estamos para ayudarte<\/h2><p class=\"uagb-desc-text\">Tenemos los mejores planes de SOAT para ti, d\u00e9janos un mensaje y nos pondremos en contacto contigo.   <\/p><\/div>\n\n\n\n<div class=\"wp-block-uagb-icon-list uagb-block-110c2cd0\"><div class=\"uagb-icon-list__wrap\">\n<div class=\"wp-block-uagb-icon-list-child uagb-block-91387bc3\"><a target=\"_self\" aria-label=\"Consulta GRATIS\u200b\" rel=\"noopener noreferrer\" href=\"#\"> <\/a><span class=\"uagb-icon-list__source-wrap\"><svg xmlns=\"https:\/\/www.w3.org\/2000\/svg\" viewBox=\"0 0 512 512\"><path d=\"M0 256C0 114.6 114.6 0 256 0C397.4 0 512 114.6 512 256C512 397.4 397.4 512 256 512C114.6 512 0 397.4 0 256zM256 352C309 352 352 309 352 256C352 202.1 309 160 256 160C202.1 160 160 202.1 160 256C160 309 202.1 352 256 352z\"><\/path><\/svg><\/span><span class=\"uagb-icon-list__label\">Consulta GRATIS\u200b<\/span><\/div>\n\n\n\n<div class=\"wp-block-uagb-icon-list-child uagb-block-965f1172\"><a target=\"_self\" aria-label=\"Cotizaci\u00f3n SOAT\u200b\" rel=\"noopener noreferrer\" href=\"#\"> <\/a><span class=\"uagb-icon-list__source-wrap\"><svg xmlns=\"https:\/\/www.w3.org\/2000\/svg\" viewBox=\"0 0 512 512\"><path d=\"M0 256C0 114.6 114.6 0 256 0C397.4 0 512 114.6 512 256C512 397.4 397.4 512 256 512C114.6 512 0 397.4 0 256zM256 352C309 352 352 309 352 256C352 202.1 309 160 256 160C202.1 160 160 202.1 160 256C160 309 202.1 352 256 352z\"><\/path><\/svg><\/span><span class=\"uagb-icon-list__label\">Cotizaci\u00f3n SOAT\u200b<\/span><\/div>\n\n\n\n<div class=\"wp-block-uagb-icon-list-child uagb-block-5f8893f8\"><a target=\"_self\" aria-label=\"Tu SOAT facil y rapido\u200b\" rel=\"noopener noreferrer\" href=\"#\"> <\/a><span class=\"uagb-icon-list__source-wrap\"><svg xmlns=\"https:\/\/www.w3.org\/2000\/svg\" viewBox=\"0 0 512 512\"><path d=\"M0 256C0 114.6 114.6 0 256 0C397.4 0 512 114.6 512 256C512 397.4 397.4 512 256 512C114.6 512 0 397.4 0 256zM256 352C309 352 352 309 352 256C352 202.1 309 160 256 160C202.1 160 160 202.1 160 256C160 309 202.1 352 256 352z\"><\/path><\/svg><\/span><span class=\"uagb-icon-list__label\">Tu SOAT facil y rapido\u200b<\/span><\/div>\n\n\n\n<div class=\"wp-block-uagb-icon-list-child uagb-block-b4aa34e4\"><a target=\"_self\" aria-label=\"desde 50 soles al a\u00f1o\u200b\" rel=\"noopener noreferrer\" href=\"#\"> <\/a><span class=\"uagb-icon-list__source-wrap\"><svg xmlns=\"https:\/\/www.w3.org\/2000\/svg\" viewBox=\"0 0 512 512\"><path d=\"M0 256C0 114.6 114.6 0 256 0C397.4 0 512 114.6 512 256C512 397.4 397.4 512 256 512C114.6 512 0 397.4 0 256zM256 352C309 352 352 309 352 256C352 202.1 309 160 256 160C202.1 160 160 202.1 160 256C160 309 202.1 352 256 352z\"><\/path><\/svg><\/span><span class=\"uagb-icon-list__label\">desde 50 soles al a\u00f1o\u200b<\/span><\/div>\n<\/div><\/div>\n<\/div>\n\n\n\n<div class=\"wp-block-uagb-container uagb-block-e8cfa1d8\">\n<div class=\"wp-block-uagb-image alignright uagb-block-fd37e53f wp-block-uagb-image--layout-default wp-block-uagb-image--effect-static wp-block-uagb-image--align-right\"><figure class=\"wp-block-uagb-image__figure\"><img decoding=\"async\" srcset=\"https:\/\/senorsoat.com\/wp-content\/uploads\/2024\/07\/contactos-22.png ,https:\/\/senorsoat.com\/wp-content\/uploads\/2024\/07\/contactos-22.png 780w, https:\/\/senorsoat.com\/wp-content\/uploads\/2024\/07\/contactos-22.png 360w\" sizes=\"(max-width: 480px) 150px\" src=\"https:\/\/senorsoat.com\/wp-content\/uploads\/2024\/07\/contactos-22.png\" alt=\"\" class=\"uag-image-795\" width=\"434\" height=\"650\" title=\"contactos 22\" loading=\"lazy\" role=\"img\"\/><\/figure><\/div>\n<\/div>\n<\/div><\/div>\n\n\n\n<div class=\"wp-block-uagb-container uagb-block-1a66d4fa alignfull uagb-is-root-container\"><div class=\"uagb-container-inner-blocks-wrap\">\n<div class=\"wp-block-uagb-advanced-heading uagb-block-4a1e7ad8\"><h2 class=\"uagb-heading-text\">Detalles de contacto<\/h2><\/div>\n\n\n\n<div class=\"wp-block-uagb-container uagb-block-a8e9d67a\">\n<div class=\"wp-block-uagb-container uagb-block-5566992e\">\n<div class=\"wp-block-uagb-info-box uagb-block-ebcb7789 uagb-infobox__content-wrap  uagb-infobox-icon-above-title uagb-infobox-image-valign-top\"><div class=\"uagb-ifb-content\"><div class=\"uagb-ifb-icon-wrap\"><div class=\"uagb-iconbox-icon-wrap uagb-infobox-shape-circle\"><svg xmlns=\"https:\/\/www.w3.org\/2000\/svg\" viewBox=\"0 0 384 512\"><path d=\"M168.3 499.2C116.1 435 0 279.4 0 192C0 85.96 85.96 0 192 0C298 0 384 85.96 384 192C384 279.4 267 435 215.7 499.2C203.4 514.5 180.6 514.5 168.3 499.2H168.3zM192 256C227.3 256 256 227.3 256 192C256 156.7 227.3 128 192 128C156.7 128 128 156.7 128 192C128 227.3 156.7 256 192 256z\"><\/path><\/svg><\/div><\/div><div class=\"uagb-ifb-title-wrap\"><h3 class=\"uagb-ifb-title\">Direcci\u00f3n<\/h3><\/div><p class=\"uagb-ifb-desc\">Lima &#8211; Callao: Av. Nestor Gambeta 4543 <br>Ica : Carretera los Aquijes km 1.5                 <\/p><\/div><\/div>\n<\/div>\n\n\n\n<div class=\"wp-block-uagb-container uagb-block-749347f3\">\n<div class=\"wp-block-uagb-info-box uagb-block-587166ba uagb-infobox__content-wrap  uagb-infobox-icon-above-title uagb-infobox-image-valign-top\"><div class=\"uagb-ifb-content\"><div class=\"uagb-ifb-icon-wrap\"><div class=\"uagb-iconbox-icon-wrap uagb-infobox-shape-circle\"><svg xmlns=\"https:\/\/www.w3.org\/2000\/svg\" viewBox=\"0 0 512 512\"><path d=\"M464 64C490.5 64 512 85.49 512 112C512 127.1 504.9 141.3 492.8 150.4L275.2 313.6C263.8 322.1 248.2 322.1 236.8 313.6L19.2 150.4C7.113 141.3 0 127.1 0 112C0 85.49 21.49 64 48 64H464zM217.6 339.2C240.4 356.3 271.6 356.3 294.4 339.2L512 176V384C512 419.3 483.3 448 448 448H64C28.65 448 0 419.3 0 384V176L217.6 339.2z\"><\/path><\/svg><\/div><\/div><div class=\"uagb-ifb-title-wrap\"><h3 class=\"uagb-ifb-title\">Correos<\/h3><\/div><p class=\"uagb-ifb-desc\">administrador@senorsoat.com<br><\/p><\/div><\/div>\n<\/div>\n\n\n\n<div class=\"wp-block-uagb-container uagb-block-30c18708\">\n<div class=\"wp-block-uagb-info-box uagb-block-ac658921 uagb-infobox__content-wrap  uagb-infobox-icon-above-title uagb-infobox-image-valign-top\"><div class=\"uagb-ifb-content\"><div class=\"uagb-ifb-icon-wrap\"><div class=\"uagb-iconbox-icon-wrap uagb-infobox-shape-circle\"><svg xmlns=\"https:\/\/www.w3.org\/2000\/svg\" viewBox=\"0 0 512 512\"><path d=\"M18.92 351.2l108.5-46.52c12.78-5.531 27.77-1.801 36.45 8.98l44.09 53.82c69.25-34 125.5-90.31 159.5-159.5l-53.81-44.04c-10.75-8.781-14.41-23.69-8.974-36.47l46.51-108.5c6.094-13.91 21.1-21.52 35.79-18.11l100.8 23.25c14.25 3.25 24.22 15.8 24.22 30.46c0 252.3-205.2 457.5-457.5 457.5c-14.67 0-27.18-9.968-30.45-24.22l-23.25-100.8C-2.571 372.4 5.018 357.2 18.92 351.2z\"><\/path><\/svg><\/div><\/div><div class=\"uagb-ifb-title-wrap\"><h3 class=\"uagb-ifb-title\">Telefonos<\/h3><\/div><p class=\"uagb-ifb-desc\">964 &#8211; 657 &#8211; 728<br>975 &#8211; 362 &#8211; 477<\/p><\/div><\/div>\n<\/div>\n<\/div>\n<\/div><\/div>\n\n\n\n<div class=\"wp-block-uagb-container uagb-block-725e7d98 alignfull uagb-is-root-container\">\t\t\t<div \n\t\t\tclass=\"wp-block-uagb-google-map uagb-google-map__wrap uagb-block-284ec636     wp-block-uagb-google-map uagb-google-map__wrap uagb-block-483103ef\"\n\t\t\tstyle=\"\" >\n\t\t\t\t<embed\n\t\t\t\t\tclass=\"uagb-google-map__iframe\"\n\t\t\t\t\ttitle=\"Mapa de Google de\"\n\t\t\t\t\tsrc=\"https:\/\/maps.google.com\/maps?q=avenida%20nestor%20gambeta&#038;z=14&#038;hl=es&#038;t=m&#038;output=embed&#038;iwloc=near\"\n\t\t\t\t\twidth=\"640\"\n\t\t\t\t\theight=\"450\"\n\t\t\t\t\tloading=\"lazy\"\n\t\t\t\t><\/embed>\n\t\t\t<\/div>\n\t\t\t<\/div>\n","protected":false},"excerpt":{"rendered":"<p>Contactanos\u200b Desde 2010 brind\u00e1ndote la mejor asesor\u00eda en gesti\u00f3n de riesgos y administraci\u00f3n de seguros SOAT. Estamos regulados y registrados por la SBS. Estamos para ayudarte Tenemos los mejores planes de SOAT para ti, d\u00e9janos un mensaje y nos pondremos en contacto contigo. Detalles de contacto<\/p>\n","protected":false},"author":1,"featured_media":0,"parent":0,"menu_order":0,"comment_status":"closed","ping_status":"closed","template":"","meta":{"om_disable_all_campaigns":false,"_uag_custom_page_level_css":"","_monsterinsights_skip_tracking":false,"_monsterinsights_sitenote_active":false,"_monsterinsights_sitenote_note":"","_monsterinsights_sitenote_category":0,"_uf_show_specific_survey":0,"_uf_disable_surveys":false,"site-sidebar-layout":"no-sidebar","site-content-layout":"page-builder","ast-global-header-display":"","ast-banner-title-visibility":"","ast-main-header-display":"","ast-hfb-above-header-display":"","ast-hfb-below-header-display":"","ast-hfb-mobile-header-display":"","site-post-title":"disabled","ast-breadcrumbs-content":"","ast-featured-img":"disabled","footer-sml-layout":"","theme-transparent-header-meta":"","adv-header-id-meta":"","stick-header-meta":"","header-above-stick-meta":"","header-main-stick-meta":"","header-below-stick-meta":"","_joinchat":[]},"yoast_head":"<!-- This site is optimized with the Yoast SEO plugin v21.5 - https:\/\/yoast.com\/wordpress\/plugins\/seo\/ -->\n<title>Contacto - se\u00f1or soat<\/title>\n<meta name=\"description\" content=\"No solo tenemos el mejor SOAT, tenemos los mejores beneficios aqui en SE\u00d1OR SOAT, te ofrecemos la tranquilidad ante un accidente de transito\" \/>\n<meta name=\"robots\" content=\"index, follow, max-snippet:-1, max-image-preview:large, max-video-preview:-1\" \/>\n<link rel=\"canonical\" href=\"https:\/\/senorsoat.com\/index.php\/contacto\/\" \/>\n<meta property=\"og:locale\" content=\"es_ES\" \/>\n<meta property=\"og:type\" content=\"article\" \/>\n<meta property=\"og:title\" content=\"Contacto - se\u00f1or soat\" \/>\n<meta property=\"og:description\" content=\"No solo tenemos el mejor SOAT, tenemos los mejores beneficios aqui en SE\u00d1OR SOAT, te ofrecemos la tranquilidad ante un accidente de transito\" \/>\n<meta property=\"og:url\" content=\"https:\/\/senorsoat.com\/index.php\/contacto\/\" \/>\n<meta property=\"og:site_name\" content=\"se\u00f1or soat\" \/>\n<meta property=\"article:modified_time\" content=\"2024-07-04T18:17:55+00:00\" \/>\n<meta property=\"og:image\" content=\"https:\/\/senorsoat.com\/wp-content\/uploads\/2024\/07\/contactos-22.png\" \/>\n<meta name=\"twitter:card\" content=\"summary_large_image\" \/>\n<meta name=\"twitter:label1\" content=\"Tiempo de lectura\" \/>\n\t<meta name=\"twitter:data1\" content=\"1 minuto\" \/>\n<script type=\"application\/ld+json\" class=\"yoast-schema-graph\">{\"@context\":\"https:\/\/schema.org\",\"@graph\":[{\"@type\":\"WebPage\",\"@id\":\"https:\/\/senorsoat.com\/index.php\/contacto\/\",\"url\":\"https:\/\/senorsoat.com\/index.php\/contacto\/\",\"name\":\"Contacto - se\u00f1or soat\",\"isPartOf\":{\"@id\":\"https:\/\/senorsoat.com\/#website\"},\"datePublished\":\"2022-04-02T06:23:12+00:00\",\"dateModified\":\"2024-07-04T18:17:55+00:00\",\"description\":\"No solo tenemos el mejor SOAT, tenemos los mejores beneficios aqui en SE\u00d1OR SOAT, te ofrecemos la tranquilidad ante un accidente de transito\",\"breadcrumb\":{\"@id\":\"https:\/\/senorsoat.com\/index.php\/contacto\/#breadcrumb\"},\"inLanguage\":\"es\",\"potentialAction\":[{\"@type\":\"ReadAction\",\"target\":[\"https:\/\/senorsoat.com\/index.php\/contacto\/\"]}]},{\"@type\":\"BreadcrumbList\",\"@id\":\"https:\/\/senorsoat.com\/index.php\/contacto\/#breadcrumb\",\"itemListElement\":[{\"@type\":\"ListItem\",\"position\":1,\"name\":\"Portada\",\"item\":\"https:\/\/senorsoat.com\/\"},{\"@type\":\"ListItem\",\"position\":2,\"name\":\"Contacto\"}]},{\"@type\":\"WebSite\",\"@id\":\"https:\/\/senorsoat.com\/#website\",\"url\":\"https:\/\/senorsoat.com\/\",\"name\":\"se\u00f1or soat\",\"description\":\"\",\"publisher\":{\"@id\":\"https:\/\/senorsoat.com\/#organization\"},\"potentialAction\":[{\"@type\":\"SearchAction\",\"target\":{\"@type\":\"EntryPoint\",\"urlTemplate\":\"https:\/\/senorsoat.com\/?s={search_term_string}\"},\"query-input\":\"required name=search_term_string\"}],\"inLanguage\":\"es\"},{\"@type\":\"Organization\",\"@id\":\"https:\/\/senorsoat.com\/#organization\",\"name\":\"se\u00f1or soat\",\"url\":\"https:\/\/senorsoat.com\/\",\"logo\":{\"@type\":\"ImageObject\",\"inLanguage\":\"es\",\"@id\":\"https:\/\/senorsoat.com\/#\/schema\/logo\/image\/\",\"url\":\"https:\/\/senorsoat.com\/wp-content\/uploads\/2025\/08\/cropped-SENOR-SOAT-LOGO1.png\",\"contentUrl\":\"https:\/\/senorsoat.com\/wp-content\/uploads\/2025\/08\/cropped-SENOR-SOAT-LOGO1.png\",\"width\":1415,\"height\":838,\"caption\":\"se\u00f1or soat\"},\"image\":{\"@id\":\"https:\/\/senorsoat.com\/#\/schema\/logo\/image\/\"}}]}<\/script>\n<!-- \/ Yoast SEO plugin. -->","yoast_head_json":{"title":"Contacto - se\u00f1or soat","description":"No solo tenemos el mejor SOAT, tenemos los mejores beneficios aqui en SE\u00d1OR SOAT, te ofrecemos la tranquilidad ante un accidente de transito","robots":{"index":"index","follow":"follow","max-snippet":"max-snippet:-1","max-image-preview":"max-image-preview:large","max-video-preview":"max-video-preview:-1"},"canonical":"https:\/\/senorsoat.com\/index.php\/contacto\/","og_locale":"es_ES","og_type":"article","og_title":"Contacto - se\u00f1or soat","og_description":"No solo tenemos el mejor SOAT, tenemos los mejores beneficios aqui en SE\u00d1OR SOAT, te ofrecemos la tranquilidad ante un accidente de transito","og_url":"https:\/\/senorsoat.com\/index.php\/contacto\/","og_site_name":"se\u00f1or soat","article_modified_time":"2024-07-04T18:17:55+00:00","og_image":[{"url":"https:\/\/senorsoat.com\/wp-content\/uploads\/2024\/07\/contactos-22.png"}],"twitter_card":"summary_large_image","twitter_misc":{"Tiempo de lectura":"1 minuto"},"schema":{"@context":"https:\/\/schema.org","@graph":[{"@type":"WebPage","@id":"https:\/\/senorsoat.com\/index.php\/contacto\/","url":"https:\/\/senorsoat.com\/index.php\/contacto\/","name":"Contacto - se\u00f1or soat","isPartOf":{"@id":"https:\/\/senorsoat.com\/#website"},"datePublished":"2022-04-02T06:23:12+00:00","dateModified":"2024-07-04T18:17:55+00:00","description":"No solo tenemos el mejor SOAT, tenemos los mejores beneficios aqui en SE\u00d1OR SOAT, te ofrecemos la tranquilidad ante un accidente de transito","breadcrumb":{"@id":"https:\/\/senorsoat.com\/index.php\/contacto\/#breadcrumb"},"inLanguage":"es","potentialAction":[{"@type":"ReadAction","target":["https:\/\/senorsoat.com\/index.php\/contacto\/"]}]},{"@type":"BreadcrumbList","@id":"https:\/\/senorsoat.com\/index.php\/contacto\/#breadcrumb","itemListElement":[{"@type":"ListItem","position":1,"name":"Portada","item":"https:\/\/senorsoat.com\/"},{"@type":"ListItem","position":2,"name":"Contacto"}]},{"@type":"WebSite","@id":"https:\/\/senorsoat.com\/#website","url":"https:\/\/senorsoat.com\/","name":"se\u00f1or soat","description":"","publisher":{"@id":"https:\/\/senorsoat.com\/#organization"},"potentialAction":[{"@type":"SearchAction","target":{"@type":"EntryPoint","urlTemplate":"https:\/\/senorsoat.com\/?s={search_term_string}"},"query-input":"required name=search_term_string"}],"inLanguage":"es"},{"@type":"Organization","@id":"https:\/\/senorsoat.com\/#organization","name":"se\u00f1or soat","url":"https:\/\/senorsoat.com\/","logo":{"@type":"ImageObject","inLanguage":"es","@id":"https:\/\/senorsoat.com\/#\/schema\/logo\/image\/","url":"https:\/\/senorsoat.com\/wp-content\/uploads\/2025\/08\/cropped-SENOR-SOAT-LOGO1.png","contentUrl":"https:\/\/senorsoat.com\/wp-content\/uploads\/2025\/08\/cropped-SENOR-SOAT-LOGO1.png","width":1415,"height":838,"caption":"se\u00f1or soat"},"image":{"@id":"https:\/\/senorsoat.com\/#\/schema\/logo\/image\/"}}]}},"uagb_featured_image_src":{"full":false,"thumbnail":false,"medium":false,"medium_large":false,"large":false,"1536x1536":false,"2048x2048":false},"uagb_author_info":{"display_name":"senorsoat.com","author_link":"https:\/\/senorsoat.com\/index.php\/author\/senorsoat-com\/"},"uagb_comment_info":0,"uagb_excerpt":"Contactanos\u200b Desde 2010 brind\u00e1ndote la mejor asesor\u00eda en gesti\u00f3n de riesgos y administraci\u00f3n de seguros SOAT. Estamos regulados y registrados por la SBS. Estamos para ayudarte Tenemos los mejores planes de SOAT para ti, d\u00e9janos un mensaje y nos pondremos en contacto contigo. Detalles de contacto","_links":{"self":[{"href":"https:\/\/senorsoat.com\/index.php\/wp-json\/wp\/v2\/pages\/76"}],"collection":[{"href":"https:\/\/senorsoat.com\/index.php\/wp-json\/wp\/v2\/pages"}],"about":[{"href":"https:\/\/senorsoat.com\/index.php\/wp-json\/wp\/v2\/types\/page"}],"author":[{"embeddable":true,"href":"https:\/\/senorsoat.com\/index.php\/wp-json\/wp\/v2\/users\/1"}],"replies":[{"embeddable":true,"href":"https:\/\/senorsoat.com\/index.php\/wp-json\/wp\/v2\/comments?post=76"}],"version-history":[{"count":8,"href":"https:\/\/senorsoat.com\/index.php\/wp-json\/wp\/v2\/pages\/76\/revisions"}],"predecessor-version":[{"id":796,"href":"https:\/\/senorsoat.com\/index.php\/wp-json\/wp\/v2\/pages\/76\/revisions\/796"}],"wp:attachment":[{"href":"https:\/\/senorsoat.com\/index.php\/wp-json\/wp\/v2\/media?parent=76"}],"curies":[{"name":"wp","href":"https:\/\/api.w.org\/{rel}","templated":true}]}}